 y be v(0). Suppose -3*w + 80 - 265 = -y*n, 5*w - 5 = 0. Is n a composite number?
False
Let y(w) be the first derivative of 4 - w + 4/3*w**3 - 3/2*w**2. Is y(-2) prime?
False
Let c(y) = -7*y**2 + y. Let p be c(1). Is 2 + -2*21/p composite?
True
Suppose -33054 = -9*y - 5*y. Is y a composite number?
True
Let x = 3287 - -2876. Is x composite?
False
Let s(j) = -8*j**2 + j. Let i(a) = 9*a**2 - 2*a + 1. Let o(w) = -6*i(w) - 7*s(w). Suppose 0 = 4*p - 7*p - 21. Is o(p) a prime number?
False
Let y = 6 - 16. Is (-2985)/y - 2/(-4) a prime number?
False
Suppose 2*r = -2*r + 136. Suppose -5*h + 3*h = -4*g - r, 5*h - g = 121. Is h prime?
False
Let c(g) = -g**3 - g**2. Let s be c(-2). Suppose 570 = 4*z + 3*l, -5*z - l + s*l + 699 = 0. Is z prime?
False
Is (2/3)/(12/198) composite?
False
Let q be (-20)/70 + 718/14. Let p = q - 12. Is p prime?
False
Suppose -4 - 4 = -4*w. Suppose 3*u = 3*l - 6, 5*l - w*u - 12 = 1. Is 14/((6/7)/l) prime?
False
Let s(o) = o. Let h be s(2). Is (1 - 35/(-2))*h composite?
False
Let q = 65 + -40. Suppose -q = -0*w - w. Is w a composite number?
True
Suppose 16 = 3*z - 2*p - 9, 0 = 4*z + 4*p - 20. Suppose -2*s + 7 = -2*j - z, -2*s - 16 = 4*j. Suppose -s*y = 4 - 26. Is y composite?
False
Suppose -3*b + 15 + 9 = 0. Let t = -11 + b. Is (t + 50)/((-1)/(-1)) prime?
True
Suppose -t + 0*t - 4*b + 118 = 0, -3*b + 116 = t. Suppose -z + 333 = t. Is z prime?
True
Let i be -2 + 4/((-4)/(-5)). Let a = 6 - i. Is (4/a)/(4/114) prime?
False
Suppose -5*l - 5*o = -6833 - 5292, 3*o + 12 = 0. Is l prime?
False
Let d be (-8)/(-40) + (-8758)/(-10). Suppose 5*l - d = 254. Is l composite?
True
Let d be (1 - (-1 - -2)) + -134. Is (6/(-4))/3*d composite?
False
Let o = 18 + -7. Suppose 0 = o*y - 6*y - 3205. Is y composite?
False
Let y(b) be the third derivative of b**5/60 - b**4/24 - 3*b**2. Let a be y(0). Is 60 - a - (-9 + 7) a prime number?
False
Is 1*(4 - 941)/(-1) prime?
True
Let g(l) = 5 + l**2 - 2*l - 3 - 2*l**2. Suppose -3*b + 10 = -8*b. Is g(b) composite?
False
Let d be (-3 + 6)*(-27)/3. Let c = d - -158. Is c composite?
False
Let i(l) = 14*l**2 + 4*l + 4. Let y be i(-4). Let w = y - 145. Is w a prime number?
True
Let a(l) = -74*l - 1. Is a(-4) prime?
False
Let t(a) = 0 + 30*a - 2 + 0. Is t(2) a prime number?
False
Let v(i) = i**3 - 5*i**2 - 2. Let y be v(5). Is 335/15 - y/3 prime?
True
Suppose 6572 = 8*t - 8348. Is t composite?
True
Let l(u) = -1 - 2*u**3 - 8*u**2 + 25*u + 0*u**3 - 31*u. Is l(-5) prime?
True
Let c(a) = a**3 + 3*a**2 + a + 1. Let b be c(-2). Suppose -b*g + 9 = -3*k, 2*k + 3*g + 27 = -k. Let j = k - -65. Is j a composite number?
False
Let f(l) = 7*l**3 + 5*l**2 - l + 12. Is f(5) prime?
False
Let x = 58 + -37. Is x prime?
False
Suppose 9148 = 101*a - 97*a. Is a a prime number?
True
Let r = 21 - 15. Suppose -k - 3*u - 192 = -r*k, 0 = 5*k + 5*u - 200. Let p = -18 + k. Is p a composite number?
True
Is (-381 + 0)/((-42)/28) a composite number?
True
Let s(q) be the third derivative of -q**6/120 - q**5/30 + q**4/3 + q**3/6 - q**2. Suppose h + j = -3*h - 23, j - 31 = 5*h. Is s(h) a composite number?
False
Is 4/14 - 2504/(-7) a composite number?
True
Is 316*2 + (-9 - -8) prime?
True
Let x = 92 + -67. Is x a prime number?
False
Let k = -114 + 269. Let j = 448 - k. Is j composite?
False
Let p(q) = -4*q**3 - 3*q**2 + 4. Let h be p(-5). Suppose 5*c = 2*y + 7, -2*c + 7 = y - c. Suppose -y*f + f = -h. Is f composite?
True
Is (-1562)/(-4) - (-3 + (-10)/(-4)) prime?
False
Let o(x) = -6013*x**3 + x**2 + 2*x + 1. Is o(-1) a prime number?
False
Let n(g) = 78*g**2 - g + 2. Let f = 11 + -10. Is n(f) a prime number?
True
Suppose s - 4*s = 0. Suppose s = -5*r - 8 + 123. Let q = -14 + r. Is q a composite number?
True
Suppose 0 = q - 2 - 0. Suppose -z = -5*a + q*a + 755, -5*a + 1259 = -2*z. Is a a composite number?
False
Let d(m) = 85*m**2 + m - 1. Is d(-2) a composite number?
False
Let i be (0 + 4)*(-6)/(-12). Suppose 4*z = i*z + 6. Suppose 2*y - 25 - z = 0. Is y prime?
False
Suppose 181 + 1317 = 7*g. Is g prime?
False
Let i = 31 + -21. Let q be 5/(i/4) + 1. Suppose -2*k + 1065 = 5*u, q*k + k = -5*u + 1075. Is u a prime number?
True
Suppose -3910 = -2*w - 104. Is w prime?
False
Suppose 4*r = -19 - 13. Let k(v) = -2*v + 9. Is k(r) a prime number?
False
Suppose 5*u + 20 = 5*x - 5, -13 = -2*x - u. Let w be 1/(-2) + x/4. Is 22/(w/(-3)*-2) a composite number?
True
Suppose -6 = -2*c, 2*o + 19 = 3*c + 2*c. Let l = o - -12. Is (-4)/l + 194/10 a composite number?
False
Is 22/44*2*53 a prime number?
True
Let l be (2 + 0 - 21) + 2. Let s = l - -38. Is s composite?
True
Is 3/(-6)*-254*1 composite?
False
Suppose 7 + 548 = -5*q. Suppose 4*v - 120 + 304 = -k, -4*v = -4*k - 816. Let p = q - k. Is p a composite number?
False
Let f = 74 + 14. Let l = f + -5. Let s = 138 - l. Is s a prime number?
False
Suppose 5*j + 0*j = 710. Is j a prime number?
False
Suppose 15 = 3*g - 186. Suppose -c + g = -24. Is c prime?
False
Let v be (-396)/10 - (-2)/(-5). Let z be ((-6)/(-1))/((-6)/v). Let r = -25 + z. Is r a composite number?
True
Suppose g - 5*q = -3*g - 2, 0 = -g + q. Suppose g*l - 38 = -4*r, 5*l - 5*r = 60 - 10. Is l prime?
True
Suppose -4*j = -3*r + 485, 3*r - 257 - 109 = 3*j. Let v = 68 + j. Let o = 72 + v. Is o a prime number?
False
Suppose 5*j - 72 - 68 = 0. Let y = j + -52. Let a = y - -43. Is a a composite number?
False
Let f = 1484 - 457. Is f composite?
True
Let x(c) = 88*c**3 + 2*c**2 - 2*c + 1. Is x(1) prime?
True
Suppose 6*n - 14*n = -3320. Is n a prime number?
False
Let m = 4 - 0. Suppose m*r + 1 - 17 = 0. Is r*2/(24/63) a composite number?
True
Suppose 0 = -r + 52 - 10. Suppose 3*a - 6*a + r = 0. Is a prime?
False
Let b(s) = s**3 + 8*s**2 - 5*s - 5. Let w be ((-7)/4)/((-2)/(-8)). Is b(w) a prime number?
True
Suppose 50*b - 46*b - 7256 = 0. Is b composite?
True
Suppose s = -2*x - 1 + 12, x + 3*s = -7. Let h(v) = -v**3 + 7*v**2 + 10*v - 12. Is h(x) prime?
False
Let t = -156 - -350. Suppose -j + 6*j = 525. Let g = t - j. Is g composite?
False
Let k = -168 + 653. Is 6/(-21) - k/(-7) prime?
False
Let a(s) = 21*s - 22. Is a(15) a prime number?
True
Let i be (24/(-9))/(4/(-6)). Suppose 4*f + 4 = -2*y, -i*f - 8 = -y - f. Suppose 0 = 2*d + 4*o - y*o - 108, 5*d - 5*o - 220 = 0. Is d composite?
True
Is 0 + 368 + (-1 - -4) a composite number?
True
Let f be 2/(-5) - (-8)/20. Suppose -z - 26 + 91 = f. Is z prime?
False
Let h = -14 - -11. Is (-536)/h + 10/30 prime?
True
Let j(u) = u**3 - 7*u**2 - 5*u + 11. Suppose 5*b + 4*d - 25 = -d, -4 = -2*b + 4*d. Suppose 3*a + 2 = 5, b*f - 2*a = 30. Is j(f) prime?
False
Let b(p) = 0 + 22*p**2 + 2 - 12*p**2 + 5*p. Let d(q) = -q - 6. Let n be d(-3). Is b(n) prime?
False
Suppose 4*t + 512 = 4*p + 148, p + 4*t = 66. Let z = 137 + p. Is z composite?
False
Let y(q) = 149*q - 2. Let a be y(2). Suppose -4*l = -0*l - a. Is l a prime number?
False
Let c be (0 + 2)/(2/389). Suppose -364 = -3*t + c. Is t prime?
True
Suppose -5*z - 2*x = -1230 + 159, -1068 = -5*z - x. Let s = 160 + z. Is s composite?
False
Let b(d) = d**3 + 2*d**2 - 3*d - 5. Is b(7) composite?
True
Suppose 4*o = -2*j + 1046, -6*j + j + 2*o + 2675 = 0. Is j composite?
True
Let f(w) = 2*w**2 + 38*w - 17. Is f(-24) prime?
True
Let f be 1 + 1 + (0 - -2). Is f/(-10) - (-144)/10 prime?
False
Let a(d) = -109*d + 2. Let u = 4 + -6. Let z be a(u). Let q = z - 93. Is q a composite number?
False
Suppose -4*i + 3*i = -4*c - 469, 2*i - c - 903 = 0. Is i prime?
True
Let q(d) = d**2 + d + 1. Let s be q(-2). Suppose -s + 7 = x. Suppose 4*v + 4*f = -v + 107, 0 = -x*f - 8. Is v a composite number?
False
Let s = 0 - -2. Suppose -4*p + 1692 = -6*h + s*h, 2*p + 3*h - 826 = 0. Is p prime?
True
Let b = -701 - -1074. Is b a prime number?
True
Let v = -61 - -990. Is v a composite number?
False
Let c = 2025 - 956. Is c prime?
True
Let x be (6/(-5))/(18/(-120)). Suppose x*n - 4*n = 8. Suppose -251 = -5*q - n*v, 2*q + 5*v - 62 = 30. Is q composite?
True
Let w(b) = b**3 - 5*b**2 - b - 2. Suppose n + 4*n = 35. Is w(n) prime?
True
Suppose -5*l = -3*x + 2, 0 = l - 6*x + 3*x + 10. Suppose -l*n - 635 = -7*n. Is n a prime number?
True
Suppose 3*l - 42 = -0*l. Suppose 4*q - l = 2*q. Suppose n - 2*n = -q. Is n a prime number?
True
Let m = 5 - 3. Suppose -4*l = 2*k + 2*k - 4, m*k = -3*l + 4. Suppose -h + 12 = -d - 0, -l*d = 5*